*g**2 + 75*g - 864. Give j(-18).
54
Let d(m) = -m**3 + 12*m**2 - 46*m + 217. Give d(9).
46
Let k(f) = -8*f**2 + 186*f + 10. Give k(-13).
-3760
Let z(o) = 123*o**2 + 26*o - 107. Determine z(3).
1078
Let g(f) = f**3 - 83*f**2 - 757*f + 2586. Give g(91).
-53
Let q(d) = d**3 + 5*d**2 - 408*d - 2447. Give q(-6).
-35
Let t(r) = 3528*r + 229313. Give t(-65).
-7
Let b(h) = -1175*h + 2330. Give b(2).
-20
Let n(j) = -j**3 - 113*j**2 - 292*j - 7779. Give n(-111).
-9
Let i(p) = 3*p**2 + 130*p - 10660. Give i(38).
-1388
Let t(r) = -86*r + 2045. Determine t(10).
1185
Let u(m) = -5*m**3 - 138*m**2 + 8*m + 145. Calculate u(-28).
1489
Let a(v) = -13*v - 473. What is a(-65)?
372
Let z(n) = 29*n**2 - 5775*n + 769. What is z(199)?
-27
Let z(f) = -4*f**3 - 9*f**2 - 44*f + 39. What is z(-6)?
843
Let g(x) = -219*x + 22559. What is g(103)?
2
Let x(r) = -12*r**2 + 2132*r - 1167. Calculate x(178).
-1879
Let x(u) = 4543*u + 4060. Give x(-1).
-483
Let u(k) = -2*k**3 + 89*k**2 - 623*k + 57. Determine u(9).
201
Let c(p) = -17086*p + 34312. Determine c(2).
140
Let w(q) = q**2 + 182*q - 27551. Give w(99).
268
Let z(u) = -1392458*u - 15317037. Calculate z(-11).
1
Let u(v) = -15*v**3 + 2549*v**2 + 149*v + 3572. Calculate u(170).
2
Let x(d) = -3*d**2 + 2459*d + 436347. What is x(-150)?
-3
Let h(k) = -102667*k - 205305. Give h(-2).
29
Let d(v) = v**3 + 20*v**2 + 107*v - 7. Give d(-6).
-145
Let w(k) = -55*k - 2890. Give w(-50).
-140
Let t(k) = -10713*k + 1146283. What is t(107)?
-8
Let l(o) = -20435*o + 224820. Determine l(11).
35
Let m(r) = -14876*r - 31518. Calculate m(-2).
-1766
Let z(f) = -16*f**3 - 16*f**2 + 18*f - 28. Calculate z(3).
-550
Let z(w) = -5*w**3 + 214*w**2 - 154*w - 556. Give z(42).
32
Let t(r) = 109070*r - 3817455. Calculate t(35).
-5
Let l(b) = -126*b**2 + 186*b + 184. Calculate l(-1).
-128
Let l(m) = 3*m**2 - 629*m + 1644. What is l(207)?
-12
Let p(c) = 273*c**2 - 283*c - 603. Determine p(-2).
1055
Let m(q) = -2*q**2 + 1146*q + 33944. Calculate m(-28).
288
Let z(t) = 137*t + 4866. Determine z(-35).
71
Let l(f) = 876*f**2 + 240*f - 483. Give l(2).
3501
Let x(o) = 67997*o + 475976. Determine x(-7).
-3
Let p(g) = -g**3 - 1033*g**2 - g + 49. Give p(0).
49
Let h(x) = x**3 - 270*x**2 + 28*x - 7536. Determine h(270).
24
Let w(a) = 19*a**2 + 285*a - 294. What is w(1)?
10
Let c(s) = s**2 - 2522*s - 287019. Determine c(-109).
-240
Let p(m) = -16*m**2 + 2357*m - 559. Determine p(147).
176
Let l(v) = 3*v**3 + 874*v**2 + 345*v + 15986. Calculate l(-291).
272
Let k(s) = -6*s**2 - 360*s + 765. What is k(-63)?
-369
Let a(w) = -w**3 - 137*w**2 + 416*w - 573. Calculate a(-140).
-13
Let l(x) = -8*x**2 + 7561*x - 133551. Calculate l(18).
-45
Let s(d) = -382*d**3 + 3*d**2 - 144*d - 144. What is s(-1)?
385
Let b(o) = 3900*o + 308169. Calculate b(-79).
69
Let u(i) = -342*i - 479. Determine u(-4).
889
Let g(a) = -a**3 + 68*a**2 - 368*a - 58. What is g(0)?
-58
Let v(y) = -y**2 + 20961*y - 146668. Determine v(7).
10
Let v(u) = -2*u**3 + 998*u**2 - 184*u + 91817. Calculate v(499).
1
Let q(x) = -11989*x - 179792. Calculate q(-15).
43
Let d(j) = -j**2 - 343*j - 4709. Calculate d(-13).
-419
Let t(a) = 417*a - 66327. Give t(159).
-24
Let a(o) = -1587255*o + 9523540. What is a(6)?
10
Let a(f) = f**3 + 166*f**2 - 1942*f + 1142. What is a(-177)?
257
Let n(l) = -l**3 - 12*l**2 + 26*l + 541. Calculate n(-12).
229
Let p(q) = -235*q - 3260. Give p(-14).
30
Let r(g) = -2*g**2 + 3915*g + 11736. Give r(-3).
-27
Let x(b) = 66303*b - 729341. Give x(11).
-8
Let d(n) = -15*n**2 + 258*n - 1015. Calculate d(4).
-223
Let w(u) = -3130*u + 21854. What is w(7)?
-56
Let b(j) = -147*j**2 - 8668*j + 264. Give b(-59).
-31
Let q(y) = 75053*y - 2176542. Determine q(29).
-5
Let l(g) = 927*g - 12048. Calculate l(13).
3
Let j(b) = -5*b**3 + 90*b**2 - 26*b - 1003. Give j(17).
0
Let u(h) = 2*h - 478. Determine u(-7).
-492
Let i(j) = -879*j - 268328. Calculate i(-305).
-233
Let d(f) = -667*f - 12684. What is d(-20)?
656
Let w(b) = -3*b**3 + 82*b**2 - 56*b - 182. What is w(26)?
1066
Let r(y) = y**3 - 26*y**2 + 99*y - 238. What is r(22)?
4
Let g(i) = -3*i**2 - 799*i - 52254. Determine g(-151).
-8
Let d(s) = -45*s**3 - 5*s**2 + 23*s + 25. Give d(-1).
42
Let h(c) = 363974*c + 727917. Calculate h(-2).
-31
Let k(r) = -r**3 + 75*r**2 - 2082*r + 134394. Determine k(72).
42
Let k(p) = -p**2 + 2086*p + 276379. Calculate k(-125).
4
Let q(l) = -2*l**3 - 99*l**2 - 1976*l - 14122. Determine q(-15).
-7
Let p(s) = -s**3 - 62*s**2 + 76*s - 23. What is p(-63)?
-842
Let y(f) = -136968*f - 958784. What is y(-7)?
-8
Let c(p) = p**2 + 33415*p + 2134438. Give c(-64).
-26
Let q(b) = 7*b**2 + 4129*b + 164063. Calculate q(-547).
-37
Let r(g) = 2056*g + 26706. What is r(-13)?
-22
Let h(g) = 132428*g + 397319. What is h(-3)?
35
Let r(j) = 95263*j - 285812. What is r(3)?
-23
Let y(c) = 3953*c + 3952. What is y(-1)?
-1
Let h(u) = 2881*u - 3874957. Give h(1345).
-12
Let d(o) = -24*o**2 + 862*o + 33. What is d(37)?
-929
Let n(j) = -170*j**2 + 11538*j + 39. Determine n(68).
-1457
Let f(r) = -5*r**2 - 417*r + 12851. Determine f(24).
-37
Let w(s) = -42*s**2 + 303*s + 40. Give w(0).
40
Let j(o) = o**3 - 3*o**2 - 152*o - 258. What is j(-10)?
-38
Let o(k) = k**3 + 8*k**2 + 10*k - 14. Give o(-13).
-989
Let i(r) = -r**2 + 116*r + 315. Calculate i(59).
3678
Let u(c) = -15*c + 3854. Give u(25).
3479
Let r(d) = -1041*d - 25782. What is r(-25)?
243
Let s(i) = -2500*i + 14404. Give s(6).
-596
Let s(q) = -q**3 - 603*q**2 - 9373*q + 78. Calculate s(-16).
-226
Let g(b) = 2*b**3 - 423*b**2 - 182*b - 6006. Give g(212).
354
Let z(d) = -d**2 + 3502*d - 24466. Calculate z(7).
-1
Let t(x) = 176733*x + 2650994. Determine t(-15).
-1
Let s(d) = -362411*d - 20295009. Give s(-56).
7
Let o(i) = -i**3 - 143*i**2 + 6614*i + 36526. Give o(-5).
6
Let f(z) = 12*z**3 + 182*z**2 - 83*z - 1676. Determine f(-15).
19
Let f(s) = -14*s**2 + 495*s - 2494. Calculate f(6).
-28
Let g(a) = 689*a - 28253. Give g(41).
-4
Let g(h) = h**2 - 34063*h - 3005309. Calculate g(-88).
-21
Let g(r) = 26*r**2 + 2824*r - 1079. Give g(-109).
11
Let z(t) = 44*t**3 - 35*t**2 + 75*t - 3. What is z(2)?
359
Let s(u) = u**3 + 122*u**2 - 823*u + 28224. Determine s(-130).
14
Let p(b) = -b**2 + 2159*b - 184210. Give p(89).
20
Let t(c) = 61*c**2 + 639*c - 113. Give t(-10).
-403
Let i(o) = -2*o**2 - 1661*o - 152345. Determine i(-105).
10
Let g(w) = w**2 - 134*w + 3698. What is g(43)?
-215
Let f(a) = 6104*a + 12228. Determine f(-2).
20
Let t(h) = -2*h**2 + 4613*h - 32195. Calculate t(7).
-2
Let y(u) = -48*u**2 + 4375*u - 695. What is y(91)?
-58
Let l(x) = -314*x**2 - 24513*x + 126. Give l(-78).
1764
Let g(j) = 71*j**2 - 2794*j - 1213. Determine g(40).
627
Let l(u) = 673*u - 19526. Give l(29).
-9
Let m(v) = -341*v - 51126. Determine m(-150).
24
Let r(w) = 201198*w + 13882653. Give r(-69).
-9
Let h(n) = 17*n**3 - n**2 - 357*n + 1423. Determine h(4).
1067
Let t(g) = -5*g**3 - 11*g**2 - 4496*g - 4493. Calculate t(-1).
-3
Let d(w) = -w**3 + 43*w**2 + 3712*w - 155561. Calculate d(41).
-7
Let b(j) = -62*j**2 - 314*j - 13. Determine b(-5).
7
Let r(n) = 19*n**2 - 20104*n - 38195. Calculate r(1060).
-35
Let j(m) = -2*m**3 + 81*m**2 + 1053*m + 897. Give j(51).
-21
Let b(q) = -9*q**2 - 77*q + 282. Determine b(-10).
152
Let q(l) = l**3 - 1266*l**2 + 14972*l + 95322. Determine q(1254).
18
Let r(h) = h**3 + 62*h**2 - 3*h - 7370. Calculate r(-60).
10
Let a(x) = -x**3 + 72*x**2 - 1248*x - 257. Calculate a(29).
-286
Let x(v) = 5*v**2 - 98772*v - 98773. What is x(-1)?
4
Let n(o) = 13*o**2 - 14944*o + 59777. What is n(4)?
209
Let z(l) = 8*l**2 + 97*l - 109. Calculate z(-14).
101
Let s(a) = 194*a**2 + 3809*a + 3818. Give s(-1).
203
Let f(g) = 550*g - 314038. Calculate f(571).
12
Let t(k) = -k**3 - 5*k**2 + 199*k - 1189. Give t(-19).
84
Let j(c) = 2622*c - 7902. Give j(3).
-36
Let l(b) = 410*b - 2439. Calculate l(2).
-1619
Let k(n) = -n**3 - 361*n**2 - 1648*n - 78676. Calculate k(-357).
-136
Let h(u) = 153*u**2 - 1067*u - 17. What is h(7)?
11
Let a(d) = 267*d**2 + 4014*d + 141. Calculate a(-15).
6
Let d(c) = -11*c**3 - 105*c**2 + 231*c + 6. Give d(2).
-40
Let v(k) = -10*k**2 + 4834*k + 500190. What is v(571)?
-6
Let n(s) = 148*s**2 + 547*s - 1653. Calculate n(3).
1320
Let i(z) = 145*z**2 + 1587*z - 151. Give i(-11).
-63
Let d(u) = 271*u - 7